0, 4*y + k = 0. Give l(s).
-7
Suppose 21 = -x + 24. Let d(i) = 3*i - 1. What is d(x)?
8
Let u(m) be the third derivative of -m**5/15 + m**4/24 + m**3/6 + 118*m**2. Let t be 10/(-8) + 2/8. Determine u(t).
-4
Let k(x) be the third derivative of x**6/120 - 7*x**5/60 - x**4/24 - 2*x**3/3 + 5*x**2. Determine k(7).
-11
Let p(f) = 7 + 3*f - 7 + 3. What is p(3)?
12
Let k(r) be the first derivative of -3/2*r**2 - 6*r + 1. Determine k(-4).
6
Let p = -13 + 18. Let f(q) = -q - 1. Give f(p).
-6
Suppose 0*d - d = -3*z + 10, -5*d = 2*z + 16. Let r(n) = -2*n**z + 3*n**2 - 1 - 3 + n. What is r(-4)?
8
Let q(t) be the first derivative of t**2/2 - 2*t - 96. Let c(l) = -l. Let u be c(-2). What is q(u)?
0
Suppose 63*d - 12 = 66*d. Let y(k) = -k - 5. What is y(d)?
-1
Let u be 7/2 - 2/(-4). Suppose -3*w + v = -5, 4*w = -4*v + 11 + 1. Let c(n) = -6*n + n**2 + 0*n**2 + n**w. What is c(u)?
8
Let v be (10 + -2)*1/2. Let z(l) = 0*l**3 + l**3 + 3 - 6*l + l**2 + 0*l**2 - 4*l**2. Calculate z(v).
-5
Let y = -16 - -14. Suppose 2*i - 8 = -2*i. Let o(z) = 0*z**i + z**3 + 0*z + 5*z**2 + z. Give o(y).
10
Let i(n) = 4*n**3 - n**2 + 5*n - 2. Let d(o) = o**3 + o. Let y(f) = 5*d(f) - i(f). What is y(-2)?
-2
Let y(i) = i**2 - 6*i + 4. Let j(a) = -a**2 - 4*a - 3. Let b be j(-3). Let d(u) = -2*u**2 + 3*u**2 - 2 - 5*u + b*u. Let l be d(6). Calculate y(l).
-4
Suppose 5*d = 2*h - 0 - 1, 5*h + 5*d = 20. Let j(v) = -3*v**2 + 4*v - 2. Determine j(h).
-17
Let x(a) be the second derivative of -a**4/12 - 2*a**3 + 3*a**2 + a. Calculate x(-12).
6
Let y(p) = -6*p**2 - 4*p - 2. Let q(z) = -5*z**2 - 4*z - 2. Let s(a) = 4*q(a) - 3*y(a). Suppose -2*n + 36 = 8. Let o be (n + -5)*2/(-6). Determine s(o).
-8
Let p(c) = -22*c**2 + 7 - 14*c + 23*c**2 + 2*c. Let u(k) = k**2 - 13*k + 7. Let g(s) = 5*p(s) - 4*u(s). Give g(5).
-8
Suppose 4 - 2 = -z + 4*x, -4*z = -2*x - 6. Let w(o) = -3*o - 3 - o + 4*o**3 - 3*o**3 + 5*o**z + 5*o. Give w(-5).
-8
Let j be 1 + (1 - 3)/2. Suppose 3*u - 2*u - 3 = j. Let c(z) = -4*z - 10. Let p(t) = 3*t + 9. Let k(o) = -5*c(o) - 6*p(o). Give k(u).
2
Let v(f) = 16*f**2 - 62*f + 14. Let a(d) = 3*d**2 - 12*d + 3. Let t(x) = -11*a(x) + 2*v(x). What is t(7)?
2
Let v = -77 - -71. Let q(k) = -2*k - 2. What is q(v)?
10
Let q(g) = -5*g**3 + 4*g**2 - 8*g + 7. Suppose 6*f - f = b - 9, 5*b = 5*f + 25. Let p(x) = x**3 + x - 1. Let i(r) = f*q(r) - 4*p(r). Give i(3).
0
Suppose -3*v + 1 = -3*u - 14, -4*v + 2*u + 18 = 0. Let m(z) be the first derivative of -z**3/3 + 7*z**2/2 - 6*z - 6. What is m(v)?
6
Let j(s) = s + 0 + 2 - s**2 - s**3 - 2*s**2. Let v(c) = -2*c**2 + c. Let d be v(-1). Calculate j(d).
-1
Let c(m) = -8*m**2 + 3*m - 9. Let a(k) = -3*k**2 + k - 3. Let d(v) = 11*a(v) - 4*c(v). Calculate d(3).
-9
Let k(g) = 2*g - 7. Suppose -3 = 3*o, 2*o = 5*q + 6*o + 59. Let t = q + 4. Let z = 12 + t. Calculate k(z).
3
Let y(g) = g**3 - g**2 - g. Let l(m) = -m**3 + 9*m**2 + 8*m - 4. Let v(q) = -l(q) - 2*y(q). Calculate v(-6).
4
Let s(u) = -u**3 + 5*u**2 + 7*u**2 - 1 - 9*u - 28*u**2 + 7*u**2. Calculate s(-8).
7
Let n(q) = 6*q + 3 + q**2 - 1 - 3. Suppose 4*w + 0*w + 222 = -2*u, 4*u = -4*w - 228. Let j be w/15 + 2/(-5). Calculate n(j).
-9
Let y = 1/45 + 43/90. Let m(t) be the second derivative of -1/2*t**3 - y*t**2 + 0 + t. Give m(2).
-7
Suppose 5 = 4*r - 15. Let f(a) = a**2 - 8*a + 7. Determine f(r).
-8
Let m be 33/6 + (-7)/14. Let n(h) = -h**3 + 3*h**2 + 8*h - 5. Give n(m).
-15
Let n(u) = -5*u - 1. Let d(m) = -m + 1. Let i(y) = -6*y - 2. Let p(w) = 3*d(w) + 3*i(w). Let a(g) = 9*n(g) - 2*p(g). Let v be 1/(-1)*(-6)/(-2). Calculate a(v).
6
Let s(x) = x**3 - 5*x**2 + x - 5. Suppose 2*u = -0*u - m + 13, 2*u + 5*m = 25. Give s(u).
0
Let f(m) be the second derivative of 0 - 1/20*m**5 - 2*m + 0*m**3 + 7/12*m**4 - 3*m**2. Calculate f(7).
-6
Let h(m) = m**2 + 8*m + 2. Let j be h(-9). Suppose u - n - j = -0*n, u - 3*n - 21 = 0. Let c(v) = v**2 - 7*v + 2. Calculate c(u).
-4
Let x(m) = m + 3. Let d(r) = -r**2 - 2*r + 2. Let v be d(-5). Let z = -15 - v. Give x(z).
1
Let y(t) be the third derivative of t**4/24 - t**3/6 - 22*t**2. Calculate y(-6).
-7
Let m = 52 - 53. Let z(k) = 19*k**3 + 1. Give z(m).
-18
Let g(q) = q**2 - 9*q + 5. Let j be g(9). Suppose 3*t + 13 = 4*f - 5, -4*t = j*f + 24. Let a(n) = n**3 + 5*n**2 - 6*n - 4. Determine a(t).
-4
Suppose 3*j = -0*j. Suppose -c + 6*c + 25 = j. Let s(g) = g**2 - g + 5. Let h(i) = 4*i**2 - 2*i + 14. Let q(v) = -2*h(v) + 7*s(v). Determine q(c).
-3
Let h(x) be the third derivative of -x**5/30 - 7*x**4/24 - x**3 + 2*x**2. Suppose -2*p = -3*j - 19, j = -0*j + 3*p - 4. Let t = 3 + j. Give h(t).
-10
Let x(d) = d**3 - d - 2. Let m be 28/21*3/2. Let q be x(m). Let k(v) = v**3 - 3*v**2 - 4*v - 5. Calculate k(q).
-5
Let y(z) = z - z**3 - 2*z + 63 - 62. Let m = -7 - -11. Suppose -m*x = f - 0 - 5, -5*x = -5. Determine y(f).
-1
Let i(g) = g**2 + 7*g + 10. Let f be i(-5). Let b(t) = t - 7. Give b(f).
-7
Let t(j) = -2*j**2 - 7*j - 10 + 0*j**2 + 8*j**2 + j**3. Calculate t(-7).
-10
Let z(q) = -13*q**3 + 26*q**2 + 5*q + 2. Let l(f) = -8*f**3 + 17*f**2 + 3*f + 1. Let y(v) = -8*l(v) + 5*z(v). What is y(-6)?
-4
Suppose 0 = -i + 2*i. Suppose p - 18 = -3*z, i = -2*p + 7*p + 2*z - 64. Suppose -3*y + y - b = -9, -4*y + p = -4*b. Let g(w) = w**2 - 4*w + 2. Give g(y).
2
Let w(n) be the third derivative of n**4/24 + 7*n**3/6 + n**2. Suppose -108*x = -101*x. What is w(x)?
7
Let l = 23 + -21. Let y(w) = -9*w**2 + w**2 + 3*w**l + 6*w**2 - 3*w. Give y(3).
0
Let b be (6/(-3))/((-3)/3). Suppose f - 1 = -b. Let h(q) = -q**2 + 0 + 1 + 5*q**3 - q - 1. Give h(f).
-5
Let g(u) = -u**3 - 4*u**2 - 3*u - 2. Let a(p) = p - 2. Let v be a(7). Suppose 6*m + 2 = v*m. Determine g(m).
-4
Let s(b) be the first derivative of -3*b**2/2 - 3*b - 49. Calculate s(3).
-12
Let h(j) = 7*j - 2. Let m(v) = 14*v - 5. Let b(a) = 5*h(a) - 2*m(a). Give b(2).
14
Let m be 0/((-8)/(-4) - 1). Let j(d) = -d + 1. What is j(m)?
1
Let c(h) = h**2 - h + 4. Suppose 4*k = -2*k + 4*k. Determine c(k).
4
Let d be -2*(3 - 2)/(-2). Let x(r) = -5*r**2 + 8*r**3 - 7*r**3 + d - 5*r + 2*r**2. Calculate x(4).
-3
Let j be (-2)/(-8) + (-21)/(-12). Suppose 0 = -3*a - a - 12. Let w(t) = -t**2 - 4*t + 3. Let m(u) = -u**2 - 4*u + 4. Let s(l) = a*m(l) + j*w(l). What is s(-5)?
-1
Let f(n) = -n**3 + 4*n**2 + 5*n - 1. Let u = -55 - -60. What is f(u)?
-1
Let m(w) = w**2 + w. Let t(x) = -4*x**2 + x. Let g(s) = 2*m(s) + t(s). What is g(2)?
-2
Let z(w) = 4*w**2 + w - 1. Let t(h) = -h**3 - 5*h**2 + 3. Let l be 14/(-3) - (-3)/(-9). Let i be t(l). Let b be 2*(i/2 - 1). Calculate z(b).
4
Let x(a) be the third derivative of -a**5/60 + a**4/4 - 5*a**3/6 - 42*a**2. Determine x(6).
-5
Let i = 11 + -7. Let p(z) = i*z - 2*z + 1 - 2. Give p(-2).
-5
Let n = 45 - 31. Suppose 4*j + 3*k - k = -n, -4*j + 4*k = -16. Let l(o) = o. What is l(j)?
-1
Let a(k) = -k**2 - k + 6. Let m be (-1 + 0)*(1 - 1). Determine a(m).
6
Let y(q) = 2 + 0*q + 3244*q**2 - 4*q - 3243*q**2 + 0. Give y(2).
-2
Let b(t) = -t**3 - 2*t**2 + 1. Let q = 12 - 8. Suppose -q*p + 1 - 9 = 4*f, 5*p - 3*f = -2. Calculate b(p).
0
Let a(n) = n**3 + 8*n**2 + 8*n. Let b = 13 - 20. What is a(b)?
-7
Let r(c) = -2*c**2 - 7*c - 4. Let y be r(-3). Let w(u) = -3*u + 2 - 1 + 11*u. Give w(y).
-7
Suppose -2*r = -5*r. Let v(q) = q + 2*q + r*q**2 + q**2 + q + 3. Determine v(-2).
-1
Let o = 10 + -10. Suppose l + 2 + 0 = 0. Let f be (o - l)/(-2) + 0. Let s(r) = -3*r - 1. What is s(f)?
2
Let p be (-50)/(-16) + (-60)/(-32) + -2. Let a(w) = 9*w - 2. What is a(p)?
25
Let g(d) = d**3 + d**2 - 1. Let q(a) = -5*a**3 - a**2 + a + 5. Let v(n) = 6*g(n) + q(n). What is v(-4)?
11
Let g(s) = -4*s**3 + s + 1. Suppose 2 = 4*t + 6. What is g(t)?
4
Let a(u) = -2*u + 1 - 5*u**2 - u**2 + u**2. Let h(y) = y**3 + 3*y**2 - 4*y. Let c be h(-4). Suppose -5*x + 2 + 3 = c. Give a(x).
-6
Let w(d) be the second derivative of d**5/20 - 5*d**4/12 + d**3 - d**2 - 11*d. Let z = 4 - 0. Give w(z).
6
Suppose -3*q - 35 = 5*g + 2*q, g + 5*q + 11 = 0. Let f(v) = v**2 + 7*v + 8. Calculate f(g).
2
Let h = 109 + -99. Let k(s) = s**3 - 11*s**2 + 12*s + 1. Determine k(h).
21
Let s(i) = -5*i**2 - 11*i - 12. Let t(v) = 11*v**2 + 23*v + 25. Let y(n) = 13*s(n) + 6*t(n). Calculate y(5).
-6
Let z(m) = -9*m. Let r = -41 + 40. Determine z(r).
9
Let b(k) be the second derivative of -k**3/3 + 7*k**2